a composite number?
False
Is 13543 a composite number?
True
Is 18864091 composite?
False
Is 513997 prime?
False
Is 7330673 a composite number?
True
Is 212945389 prime?
True
Is 114568249 composite?
True
Is 109804681 prime?
False
Is 32101141 composite?
True
Is 90779569 composite?
False
Is 11978177 a composite number?
False
Is 61571999 a composite number?
False
Is 30254578 prime?
False
Is 91933 a composite number?
True
Is 3508877 a prime number?
False
Is 34290471 a composite number?
True
Is 72960547 prime?
False
Is 338521 a composite number?
True
Is 26784839 a prime number?
False
Is 786229 prime?
False
Is 2556761 prime?
True
Is 13730047 composite?
False
Is 574674055 composite?
True
Is 47797609 a prime number?
False
Is 2432693 prime?
True
Is 58340173 composite?
False
Is 68088611 a prime number?
True
Is 4707083 a prime number?
True
Is 51853471 composite?
True
Is 18651701 composite?
False
Is 30737287 a composite number?
True
Is 3392509 composite?
False
Is 1683949 prime?
True
Is 1162112669 composite?
False
Is 55527187 a prime number?
False
Is 4867103 prime?
True
Is 68463271 prime?
True
Is 14301113 composite?
True
Is 4165813 prime?
False
Is 44668643 a composite number?
False
Is 1563739 prime?
True
Is 448769 composite?
False
Is 327507 a prime number?
False
Is 206062903 prime?
False
Is 126482393 a composite number?
True
Is 5323609 prime?
False
Is 1257647 prime?
True
Is 50325599 a composite number?
False
Is 626767 composite?
True
Is 2642287 a composite number?
False
Is 160629341 prime?
True
Is 200754383 a composite number?
False
Is 17555837 composite?
True
Is 16726319 a composite number?
True
Is 11830423 prime?
False
Is 58660031 composite?
False
Is 1463027 a composite number?
False
Is 637823393 composite?
False
Is 20906909 a composite number?
True
Is 52223851 prime?
True
Is 2792299 a prime number?
True
Is 15837 a composite number?
True
Is 23703377 composite?
False
Is 24278291 prime?
True
Is 505677521 composite?
False
Is 70917415 composite?
True
Is 35575613 composite?
False
Is 62865457 a prime number?
True
Is 6447823 prime?
False
Is 1108603 a prime number?
True
Is 5948867 prime?
True
Is 27795421 a composite number?
False
Is 34216577 a prime number?
True
Is 33728843 prime?
False
Is 22822297 a prime number?
True
Is 989420357 a composite number?
True
Is 6666071 prime?
False
Is 3222379 a prime number?
True
Is 2231017 a prime number?
False
Is 23657471 composite?
False
Is 128129 composite?
True
Is 8249361 a composite number?
True
Is 1226361 prime?
False
Is 6127879 composite?
True
Is 381408803 prime?
True
Is 64848617 a prime number?
True
Is 3502151 composite?
False
Is 185628914 prime?
False
Is 341269391 a prime number?
False
Is 15624047 prime?
False
Is 30086239 a composite number?
False
Is 3827029 a composite number?
False
Is 73679041 composite?
True
Is 9239689 a prime number?
True
Is 29680447 a prime number?
False
Is 4822327 prime?
False
Is 2519801 composite?
False
Is 62895649 prime?
True
Is 2002717 a composite number?
True
Is 123493871 prime?
True
Is 467587 a composite number?
False
Is 49238599 composite?
False
Is 2473297 prime?
False
Is 53991697 a prime number?
True
Is 10756211 prime?
True
Is 4607749 a prime number?
True
Is 2627407 composite?
True
Is 168644999 composite?
False
Is 187377 a prime number?
False
Is 20340371 prime?
False
Is 9560861 composite?
False
Is 67033 a composite number?
False
Is 22706561 a composite number?
False
Is 31947367 composite?
False
Is 36313877 composite?
False
Is 19984141 a composite number?
True
Is 104579 a composite number?
False
Is 244530679 a composite number?
False
Is 1833317 a composite number?
False
Is 2972069 a prime number?
True
Is 148721 composite?
False
Is 1999911 composite?
True
Is 281311 prime?
False
Is 5090989 composite?
True
Is 136123413 a prime number?
False
Is 185621 a composite number?
False
Is 1299979 prime?
True
Is 10379581 prime?
True
Is 344793389 a prime number?
True
Is 131817723 a prime number?
False
Is 106163 composite?
False
Is 110382679 a composite number?
True
Is 1400627 a prime number?
True
Is 13380481 a composite number?
False
Is 19894409 prime?
False
Is 5532067 composite?
False
Is 54321493 prime?
True
Is 4329667 a composite number?
False
Is 3570703 a composite number?
False
Is 602677 prime?
True
Is 143732479 prime?
False
Is 90787 a composite number?
False
Is 484881 a composite number?
True
Is 2905411 a prime number?
True
Is 597439621 a composite number?
False
Is 1743047 prime?
True
Is 820425371 prime?
True
Is 998953 a prime number?
False
Is 793427 a prime number?
False
Is 496163 a composite number?
False
Is 3931847 prime?
True
Is 12440683 a composite number?
True
Is 1700591 a composite number?
False
Is 12238697 prime?
False
Is 5176601 prime?
False
Is 2821345 composite?
True
Is 112051541 composite?
True
Is 31291103 composite?
True
Is 102510781 composite?
False
Is 59639731 composite?
True
Is 168491051 composite?
False
Is 8655269 composite?
True
Is 3632479 prime?
True
Is 15086933 a composite number?
True
Is 3520718 composite?
True
Is 9089021 a composite number?
False
Is 58564379 a prime number?
False
Is 14584931 a composite number?
False
Is 13205373 a prime number?
False
Is 19397591 prime?
True
Is 16371707 composite?
True
Is 35421427 prime?
True
Is 481980641 a composite number?
True
Is 220607 composite?
True
Is 106274297 a prime number?
True
Is 592562877 composite?
True
Is 16711613 prime?
True
Is 353529937 composite?
False
Is 12711929 a prime number?
True
Is 6487219 a prime number?
False
Is 3335269 a composite number?
True
Is 3417613 a prime number?
False
Is 18501757 composite?
False
Is 3386531 a prime number?
False
Is 85524697 a prime number?
True
Is 2042149 composite?
False
Is 5614333 composite?
False
Is 13522861 a composite number?
True
Is 15913829 prime?
True
Is 6444041 prime?
True
Is 172930321 a prime number?
True
Is 19253561 prime?
True
Is 7358627 prime?
True
Is 932407 composite?
True
Is 319601 a prime number?
True
Is 361508969 composite?
True
Is 9607729 composite?
True
Is 23610653 a composite number?
True
Is 1345541 a prime number?
True
Is 33753133 a composite number?
True
Is 2342062 a composite number?
True
Is 7643399 prime?
True
Is 1838267 composite?
True
Is 11335811 a prime number?
True
Is 9227747 prime?
False
Is 3544615 composite?
True
Is 1395672229 a prime number?
False
Is 3181069 a composite number?
False
Is 8789849 composite?
True
Is 64490357 composite?
False
Is 18255929 prime?
True
Is 4689319 composite?
True
Is 292986893 composite?
False
Is 392969009 prime?
True
Is 33742441 composite?
False
Is 3769349 a composite number?
False
Is 545681 prime?
False
Is 10556971 a prime number?
True
Is 302111 a prime number?
True
Is 106774417 composite?
False
Is 1228187 a composite number?
False
Is 88756873 composite?
True
Is 15807947 composite?
False
Is 412125437 prime?
False
Is 5635507 prime?
False
Is 16193437 composite?
True
Is 260746261 prime?
False
Is 204275067 a composite number?
True
Is 10988899 a prime number?
False
Is 4060037 composite?
False
Is 283267 composite?
False
Is 1502581 prime?
True
Is 2094929 prime?
True
Is 1809541 a composite number?
True
Is 12080203 a prime number?
False
Is 86294587 a composite number?
False
Is 548059 composite?
False
Is 54661769 composite?
True
Is 13563107 a composite number?
False
Is 46781479 composite?
False
Is 26338115 prime?
False
Is 2333077 a composite number?
True
Is 17496073 a prime number?
False
Is 1494461 composite?
False
Is 3763013 a prime number?
False
Is 13499 a composite number?
False
Is 582301 composite?
True
Is 1869631 a prime number?
True
Is 164864923 prime?
False
Is 403534 a prime number?
False
Is 20208217 prime?
True
Is 48566702 a composite number?
True
Is 135816113 a composite number?
True
Is 327367 a prime number?
False
Is 44671519 composite?
True
Is 16146227 composite?
False
Is 190804589 composite?
True
Is 2252753 prime?
True
Is 4673579 composite?
True
Is 35080069 a composite number?
False
Is 1249204765 a prime number?
False
Is 2765039 composite?
False
Is 15679063 composite?
True
Is 74719717 composite?
False
Is 668540767 a prime number?
False
Is 113000507 prime?
True
Is 37009993 composite?
True
Is 73195907 a prime number?
True
Is 188633 composite?
False
Is 14242751 prime?
True
Is 91409603 prime?
False
Is 3837985 composite?
True
Is 25867367 pri